 2*t. Give f(k).
-8
Let t(d) be the third derivative of d**5/60 - 7*d**3/6 - 3*d**2. Suppose 0 = -2*q + 5*l + 15, q = -2*q + 3*l + 9. Calculate t(q).
-7
Let r(h) = -h. Let u(i) = -5 - i + 2*i - i**2 + 0 + 2*i**2. Let m(g) = 3*r(g) + u(g). Suppose 0 = 2*y + 3*y - 20. Give m(y).
3
Let z(i) = 1 - 4 + 2 + i**2. Let p(q) = -4*q**3 - 3*q - 2. Let s(v) = 7*v**3 + 5*v + 4. Let j(c) = -5*p(c) - 3*s(c). Let l be j(0). Calculate z(l).
3
Let t(v) = v - 17. Let w be t(13). Let p(a) = a**3 + 4*a**2 - 3*a + 3. What is p(w)?
15
Let k(m) = -m**3 - 4*m**2 - 2*m + 4. Let n(f) = -f**2 + 8*f - 3. Let u be n(8). Calculate k(u).
1
Suppose 4*i - 3*s = -7, -2*i - s + 5*s = -4. Let d(z) = 2*z**2 + 4*z. Calculate d(i).
16
Let o = 4 - 4. Let s(r) = 0 + 1 + o*r - r + 0. What is s(5)?
-4
Let b(f) be the second derivative of f**4/12 - f**3/6 - f**2/2 - 7*f. Suppose 3*j + 0*j - 18 = 5*p, 2*p = -j - 5. Let m = j - 4. Determine b(m).
11
Suppose -8 = -f - 3*f. Let s(j) be the second derivative of -j**3/2 - j**2 + 21*j. Determine s(f).
-8
Suppose -4*w - w - 15 = 0. Let f(a) be the first derivative of 2*a**2 + 2/3*a**3 + 3*a - 2. Give f(w).
9
Let y(u) = -u - 9. Suppose 0 = 3*q - 2 + 26. Determine y(q).
-1
Let z(c) = -2*c - 37. Let n be z(-18). Let f(a) = 17*a**2 - a - 1. Determine f(n).
17
Let k = -59 + 61. Let m(q) be the first derivative of -5/3*q**3 + 5*q + 1/4*q**4 + 0*q**k + 1. What is m(5)?
5
Let a(k) be the second derivative of 5/6*k**3 - 1/2*k**2 + 4*k + 1/12*k**4 + 0. Determine a(-6).
5
Let n(f) = f. Let j(x) = 2*x**2 + 3*x + 1. Let l(v) = j(v) - 3*n(v). Let i(b) = -1 + 4*b**2 - 2 + b**3 + b**2 - b. Let y be i(-5). What is l(y)?
9
Suppose 3*g + 9 = -0. Let s(m) = m**3 + 5*m**2 + 4*m - 1. Let f be s(g). Let o(k) = -k**3 + 6*k**2 - 8*k + 7. Determine o(f).
-8
Let d(q) = -q**2 - 4*q + 2. Let a be d(-3). Let i(z) = -2*z**2 + 4*z + 3. What is i(a)?
-27
Let g(u) = -5*u - 1. Let h(l) = -l + 2*l + 0 + 6. Suppose -4*y - 1 = 27. Let t be h(y). Give g(t).
4
Let s(a) be the first derivative of 4 + 3*a + 1/2*a**2. Calculate s(-4).
-1
Let v = 33 - 23. Let q(x) = 2*x - 3. Let l be q(4). Suppose v = -l*t - 5. Let f(s) = s - 3. What is f(t)?
-6
Suppose -2*i + 10 = 2*b, -3*b - 9 = 2*i - 7*i. Let g(s) = -s**3 + 4*s**2 + s. What is g(i)?
12
Let t be 3/(-12) - 9/(-4). Let i(s) = -t*s + 2*s + s. Give i(1).
1
Let h = -1 + 7. Let i = -7 + h. Let k(v) = 6*v - 1. Determine k(i).
-7
Let h(m) = m - 9. Let n(j) = -3*j**2 + 3*j - 2. Let i be n(2). Let w(c) = c + 11. Let p be w(i). Let d be 3 + (3 - (-1 + p)). Calculate h(d).
-5
Let l(t) = -3*t - 7. Let f(g) = 4*g + 8. Let j(b) = 2*f(b) + 3*l(b). Let p = -8 + 4. What is j(p)?
-1
Let q(i) be the first derivative of -15*i**4/4 - 2*i**3/3 - i**2 - i - 6. Calculate q(-1).
14
Let g be (-12)/(-3)*(-3)/(-6). Let k(y) = y**3 - y**2 - 2*y - 1. Determine k(g).
-1
Let d(g) = -g**3 + 5*g**2 - 3. Let b = 13 + -8. Let o = 32 + -17. Suppose 0 = -s - b*k - o, -5*s = 4*k - 3*k - 21. What is d(s)?
-3
Let p(x) = x**3 + 2*x**2 - 1. Let o(s) = s**3 + 8*s**2 - s - 10. Suppose -2*q + 3*q + 1 = 0, 2*q - 14 = 2*h. Let m be o(h). Determine p(m).
-1
Let p(h) be the first derivative of h**3/3 + 3*h**2 + 3*h - 1. Give p(-4).
-5
Let q(v) = v**2 - 6*v + 5. Let n be ((-9)/12)/(3/(-24)). Let z(p) = -2*p**2 - 6*p**2 + 3*p**2 - 7 - 4*p + p**3. Let k be z(n). Give q(k).
0
Suppose 4*g = 2*w + 14, 3*w - 9 = -5*g + 14. Let h be w/(3/6 + 0). Let u(y) = 1 + 0 - 2*y**h + 4*y**2 - y**2. What is u(-3)?
10
Let n(c) = 4 - 4 - 3 - c. Let b be n(-4). Let k(q) = 2*q**2 + q. Let f(r) = 3*r**2 + r. Let y(m) = 6*f(m) - 5*k(m). Calculate y(b).
9
Let y(p) = p. Let q be y(0). Let f be (11 - q/(-3))/1. Let a = f - 7. Let r(l) = -l**2 + 6*l. Calculate r(a).
8
Let o(b) = -4 - 17*b**2 + 3 + 14*b**2 + 3*b. What is o(3)?
-19
Let z(a) = a**2 + 2*a + 4. Let h be (-12)/(-30) + 22/(-5). Let b(q) = -q**3 - 6*q**2 + 1. Let t be b(-6). Let c = h + t. Calculate z(c).
7
Let x(h) be the first derivative of h**4/4 + 5*h**3/3 + 2*h**2 + 3*h + 5. Determine x(-4).
3
Suppose -l = 5*h - 0*h - 7, 7 = -h + 4*l. Let o = h - 0. Let j be -2 + (-6)/(-2*o). Let x(p) = -p**3 + p**2 - p. What is x(j)?
-1
Let v(u) = -u - 7. Let t(f) = -2. Let q(c) = -14*t(c) + 4*v(c). Let i be q(1). Let y(r) be the third derivative of r**4/12 - r**3/6 + 5*r**2. Give y(i).
-9
Let j(n) be the first derivative of 0*n - 1/2*n**2 + 4. Determine j(2).
-2
Let b(q) = -q + 1. Let x be 1/(-3*(-3)/(-63)). Let h(i) be the third derivative of -i**5/60 - i**4/4 + 5*i**3/3 + i**2. Let g be h(x). Give b(g).
-2
Let i = 17 + -12. Let u(c) be the first derivative of c**5/120 - c**4/8 - 2*c**3/3 - 2. Let g(v) be the third derivative of u(v). Calculate g(i).
2
Let t(m) = -9*m + 39. Let a be t(3). Let h(n) = n**3 - 11*n**2 - 11*n - 7. Determine h(a).
5
Let s(y) = 9*y**3 - 8*y**2 - 8*y - 9. Suppose -q + 0 - 3 = 0. Let r(b) = -4*b**3 + 4*b**2 + 4*b + 4. Let n(a) = q*s(a) - 7*r(a). Give n(5).
4
Let r(u) = -u**3 + 6*u**2 + u - 1. Let s(m) = -m**3 + 6*m**2 - 2. Let n(z) = 5*r(z) - 6*s(z). Let y be (-1 + 0)/((-5)/(-40)). Let w = 13 + y. Determine n(w).
7
Let d be (2/6)/((-1)/21). Let k(a) = a**2 + 5*a - 8. Determine k(d).
6
Let n = 3 + 10. Let s(k) = -k + n - 14 + 0*k. Determine s(4).
-5
Let d(i) = -5*i**2 - 1 - 2*i - 4*i**2 + 6*i**2 + 2*i**2. Suppose -p = p + 3*t + 8, p = -2*t - 4. What is d(p)?
-9
Let j = -35 - -24. Let k(g) = 8*g**2 + 5*g + 14. Let q(z) = 3*z**2 + 2*z + 5. Let b(o) = j*q(o) + 4*k(o). Suppose -4*p + 3 = 11. What is b(p)?
1
Let o(v) = v**3 - 12*v**2 + v - 11. Let a = -3 + 15. Let b be o(a). Let t(h) = -4*h. Determine t(b).
-4
Let y(n) = -n - 2. Let p(v) = 2*v + 4. Let l(t) = -3*p(t) - 5*y(t). Let a(r) = -r**3 + 3*r**2 + r. Let w be a(3). Calculate l(w).
-5
Let v(w) = -w - 10. Let l(z) = 4*z + 41. Let h(s) = -2*l(s) - 9*v(s). Give h(0).
8
Let n(q) = q**2 + 4*q - 5. Let m = 6 - 4. Suppose 3*i = 5*o - 3*o - 4, 3*i + 20 = -m*o. Calculate n(o).
-5
Let a(d) = -4*d - 5*d + 5*d + 0*d. Determine a(-1).
4
Let a(m) = 2*m**2 - 5*m + 4. Let v be a(2). Let r(h) be the third derivative of h**5/60 - h**3/3 - h**2. Calculate r(v).
2
Let h(t) = 13*t**3 - 5*t**2 - 5*t + 4. Let f(d) = -d**3 + d**2 + d - 1. Let l(k) = -4*f(k) - h(k). What is l(-1)?
9
Let g be (-2)/(-14) + (-22)/7. Let p(b) = -b**3 - 4*b**2 - 3*b + 3. Give p(g).
3
Let h(j) = 1. Let d(s) = 2*s - 9. Let k(w) = d(w) + 4*h(w). Calculate k(7).
9
Let h be 2 + -8 + (-12)/(-3). Let k(v) = -2*v**2. Calculate k(h).
-8
Let a(r) be the first derivative of -r**4/4 + r**2/2 + r + 18. Determine a(0).
1
Let q be 3*4 - (-2 - -2). Suppose y + q = 4*p, y + 3*p - 20 = -p. Let d(w) = 0 + 2*w**3 - 2 - y*w**2 + 2*w - w**3. Calculate d(3).
-5
Let y be ((-12)/(-9))/(2/3). Suppose -5*o - 20 = 5*i, -o + y*i + 16 = 5. Let j(p) = -p + 0*p**2 + 6*p - o + p**2. Calculate j(-5).
-1
Let t = 8 + -12. Let c(d) be the first derivative of d**2/2 + 5*d - 20. Determine c(t).
1
Let l(r) = -24*r + 6*r**2 - 2 + 29*r - 9*r**2 - r**3 + 2*r**3. What is l(3)?
13
Let b(f) be the third derivative of f**6/120 - f**5/20 - 5*f**4/24 + 2*f**3/3 - 7*f**2. Give b(3).
-11
Suppose 0 = -4*a + 3*a - 4. Let f(w) be the first derivative of -w**2/2 + w - 1. Determine f(a).
5
Let a(d) = -40*d**2 + 14*d**2 - 9 - 8*d + 15*d**2 + 10*d**2. Let l(o) = o**3 - 5*o**2 - 7*o. Let w be l(6). Calculate a(w).
3
Let s(h) = -4*h**2 - 2 - 3*h + 3*h + h + 5*h**3 - 4*h**3. Calculate s(2).
-8
Let c(o) = -o**3 - 6*o**2 + o. Let v(q) = q**3 + 5*q**2 - q. Let u(j) = -5*c(j) - 6*v(j). Calculate u(-1).
0
Let p(g) = -4*g**2 - 167*g + 11*g**2 + 167*g - g**3 - 5. Determine p(7).
-5
Let u(r) be the second derivative of -r**4/12 + r**2/2 + 4*r. Let v be (-2)/8 - 14/8. Calculate u(v).
-3
Let p(v) = -v**3 - v**2 - v + 1. Suppose -5 = 3*o + 1. Let k be -2 + 2/(o/(-3)). Give p(k).
-2
Let k(f) be the second derivative of f**3/6 - 6*f**2 - 7*f. What is k(5)?
-7
Suppose 0 = -3*n - r + 22, 4*n + 4*r - 32 = 2*r. Let i(z) = -2*z + 8. Give i(n).
-4
Let k(w) = w**3 - 4*w**2 - 2*w - 6. Suppose -7*x = -10*x + 15. Calculate k(x).
9
Let b(k) = -k. Let d = 23 + -22. Calculate b(d).
-1
Let n be (4/(-12))/(2/(-18)). Let v be 0/(1 - 6/n). Suppose 2*o + 10 + 0 = v. Let i(g) = g + 7. Determine i(o).
2
Let d(v) be the second derivative of -5*v**4/12 + v**3/3 - v**2/2 + v. Let x(k) = 4*k - 23. Let t be x(6). Give d(t).
-4
Le